{"id":12,"date":"2023-12-15T12:19:03","date_gmt":"2023-12-15T11:19:03","guid":{"rendered":"https:\/\/revita-odenwald.de\/?page_id=12"},"modified":"2024-11-13T13:18:24","modified_gmt":"2024-11-13T12:18:24","slug":"wellness","status":"publish","type":"page","link":"https:\/\/revita-odenwald.de\/?page_id=12","title":{"rendered":"Kontakt"},"content":{"rendered":"\n<div class=\"wp-block-group alignfull has-black-background-color has-background gutenify-section-8aa58590-f39a-11ed-88df-9de6e509e821 is-layout-constrained wp-container-core-group-is-layout-aab30053 wp-block-group-is-layout-constrained gtfy-45\" style=\"padding-top:0;padding-right:0;padding-bottom:0;padding-left:0\">\n<div class=\"wp-block-cover alignfull gutenify-section-8aa0a390-f39a-11ed-88df-9de6e509e821 gtfy-3\" style=\"padding-top:0px;padding-right:0px;padding-bottom:0px;padding-left:0px;min-height:100px;aspect-ratio:unset;\"><span aria-hidden=\"true\" class=\"wp-block-cover__background has-foreground-background-color has-background-dim-80 has-background-dim\"><\/span><img decoding=\"async\" class=\"wp-block-cover__image-background wp-image-324\" alt=\"\" src=\"https:\/\/demo-gutenify-com.s3.amazonaws.com\/wp-content\/uploads\/sites\/37\/2022\/05\/30055431\/home-corporate-parallex-bg.jpeg\" data-object-fit=\"cover\"\/><div class=\"wp-block-cover__inner-container is-layout-flow wp-block-cover-is-layout-flow\">\n<div class=\"wp-block-gutenify-container alignwide gutenify-block-container-wrapper gutenify-container-version-2 gutenify-section-d8422e99-4231-474d-98fc-a250b83d9789 gtfy-2\"><div class=\"gutenify-container\"><h2 class=\"has-text-align-center wp-block-post-title has-large-font-size gtfy-1\">Kontakt<\/h2><\/div><\/div>\n<\/div><\/div>\n\n\n\n<div class=\"wp-block-group alignfull gutenify-section-8aa3b0d0-f39a-11ed-88df-9de6e509e821 is-layout-constrained wp-block-group-is-layout-constrained gtfy-40\">\n<div class=\"wp-block-gutenify-container alignwide gutenify-block-container-wrapper gutenify-container-version-2 gutenify-section-60cf2b9d-2424-45ed-a74a-e423caf84052 gtfy-39\"><div class=\"gutenify-container\">\n<div class=\"wp-block-columns alignwide are-vertically-aligned-center gutenify-section-8aa389c0-f39a-11ed-88df-9de6e509e821 is-layout-flex wp-container-core-columns-is-layout-28f84493 wp-block-columns-is-layout-flex gtfy-38\">\n<div class=\"wp-block-column is-vertically-aligned-center animated fadeInUp gutenify-section-8aa166e0-f39a-11ed-88df-9de6e509e821 is-layout-flow wp-block-column-is-layout-flow gtfy-34\"><div class=\"has-text-align-left wp-block-gutenify-section-title gtfy-4\"><div class=\"gutenify-section-title-section \"><p style=\"color:#fcb900\"class=\"animated animated-fadeInUp gutenify-section-title-prefix  animated animated-fadeInUp\">Kontaktiere uns<\/p><h2 style=\"color:#fcfcfc\"class=\"animated animated-fadeInUp gutenify-section-title-main  animated animated-fadeInUp\">Investiere in deine Gesundheit, wir helfen dir dabei!<\/h2><p style=\"color:#7c7c7c\"class=\"animated animated-fadeInUp gutenify-section-title-suffix  animated animated-fadeInUp\">Als Experten auf dem Gebiet der Gesundheit sind wir dazu da, umfassende Unterst\u00fctzung und qualifizierte Beratung zu bieten, um sicherzustellen, dass du die bestm\u00f6gliche Betreuung f\u00fcr deine Gesundheit erh\u00e4ltst.<\/p><\/div><\/div>\n\n\n<div class=\"wp-block-gutenify-service gutenify-service-layout-2 gutenify-service-col-2 gutenify--service--hide-button gutenify-service-version-2 alignundefined gutenify-service-block-wrapper gutenify-section-dc836e1e-9413-48b1-b761-3a0b046a870d gtfy-33\"><div class=\"gutenify-service-block\">\n<div class=\"wp-block-gutenify-info-box gutenify-info-box-layout-2 gutenify-info-box-version-2 flex-col-item animated animated-fadeInUp gutenify-section-6e20f20b-3d06-4604-bcf4-4125470210d0 gtfy-11\">\n<div class=\"wp-block-gutenify-icon flex-col-item is-content-justification-center gutenify-icon-version-2 gutenify-section-d6a1e31c-ef0b-486a-a2d9-77d98ece3d27 gtfy-5\"><a class=\"gutenify-icon-wrapper\"><i class=\"fas fa-phone\"><\/i><\/a><\/div>\n\n\n\n<h3 class=\"wp-block-heading has-text-align-left gutenify-admin-info-box-block-title has-background-color has-text-color gutenify-section-f2a77f90-f39a-11ed-88df-9de6e509e821 gtfy-6\">Kontakt<\/h3>\n\n\n\n<h4 class=\"wp-block-heading has-text-align-left gutenify-admin-info-box-block-subtitle has-text-color gutenify-section-f2a81bd0-f39a-11ed-88df-9de6e509e821 gtfy-7\" style=\"color:#666666\">06068 \/ 9400049<\/h4>\n\n\n\n<p class=\"has-text-align-left gutenify-admin-info-box-block-content gutenify-section-f2a8b810-f39a-11ed-88df-9de6e509e821 gtfy-8\"><\/p>\n\n\n\n<div class=\"wp-block-gutenify-buttons is-content-justification-left wp-block-buttons gutenify-buttons-version-2 gutenify-section-f3d52a20-f39a-11ed-88df-9de6e509e821 gtfy-10\"><\/div>\n<\/div>\n\n\n\n<div class=\"wp-block-gutenify-info-box gutenify-info-box-layout-2 gutenify-info-box-version-2 flex-col-item animated animated-fadeInUp gutenify-section-7764d261-88a4-4f29-876b-1d41af436cbe gtfy-18\">\n<div class=\"wp-block-gutenify-icon flex-col-item is-content-justification-center gutenify-icon-version-2 gutenify-section-5aa7ebb5-d28f-4429-b614-b608c16ca547 gtfy-12\"><a class=\"gutenify-icon-wrapper\"><i class=\"fas fa-map-marker-alt\"><\/i><\/a><\/div>\n\n\n\n<h3 class=\"wp-block-heading has-text-align-left gutenify-admin-info-box-block-title has-white-color has-text-color gutenify-section-f25f2bf0-f39a-11ed-88df-9de6e509e821 gtfy-13\">Adresse <\/h3>\n\n\n\n<h4 class=\"wp-block-heading has-text-align-left gutenify-admin-info-box-block-subtitle has-text-color gutenify-section-f25fc830-f39a-11ed-88df-9de6e509e821 gtfy-14\" style=\"color:#666666\">Seeweg 1, 64760 Oberzent<\/h4>\n\n\n\n<p class=\"has-text-align-left gutenify-admin-info-box-block-content gutenify-section-f2606470-f39a-11ed-88df-9de6e509e821 gtfy-15\"><\/p>\n\n\n\n<div class=\"wp-block-gutenify-buttons is-content-justification-left wp-block-buttons gutenify-buttons-version-2 gutenify-section-f5025f80-f39a-11ed-88df-9de6e509e821 gtfy-17\"><\/div>\n<\/div>\n\n\n\n<div class=\"wp-block-gutenify-info-box gutenify-info-box-layout-2 gutenify-info-box-version-2 flex-col-item animated animated-fadeInUp gutenify-section-b291af32-5d9f-4299-a902-fab3c337007c gtfy-25\">\n<div class=\"wp-block-gutenify-icon flex-col-item is-content-justification-center gutenify-icon-version-2 gutenify-section-ad13bcf2-ea46-4f58-a3ed-33a0c1894204 gtfy-19\"><a class=\"gutenify-icon-wrapper\"><i class=\"far fa-comments\"><\/i><\/a><\/div>\n\n\n\n<h3 class=\"wp-block-heading has-text-align-left gutenify-admin-info-box-block-title has-white-color has-text-color gutenify-section-f74c0160-f39a-11ed-88df-9de6e509e821 gtfy-20\">E-mail<\/h3>\n\n\n\n<h4 class=\"wp-block-heading has-text-align-left gutenify-admin-info-box-block-subtitle has-link-color gutenify-section-f74d12d0-f39a-11ed-88df-9de6e509e821 wp-elements-0519e5fd67e55d5542eac0c30b68b021 gtfy-21\"><a href=\"mailto:info@example.com\">info@revita-odenwald.de<\/a><\/h4>\n\n\n\n<p class=\"has-text-align-left gutenify-admin-info-box-block-content gutenify-section-f74daf10-f39a-11ed-88df-9de6e509e821 gtfy-22\"><\/p>\n\n\n\n<div class=\"wp-block-gutenify-buttons is-content-justification-left wp-block-buttons gutenify-buttons-version-2 gutenify-section-f8e14760-f39a-11ed-88df-9de6e509e821 gtfy-24\"><\/div>\n<\/div>\n\n\n\n<div class=\"wp-block-gutenify-info-box gutenify-info-box-layout-2 gutenify-info-box-version-2 flex-col-item animated animated-fadeInUp gutenify-section-16ffcb35-6398-4228-937b-dca000d94659 gtfy-32\">\n<div class=\"wp-block-gutenify-icon flex-col-item is-content-justification-center gutenify-icon-version-2 gutenify-section-cf916970-9bbc-4b3e-91f0-8f8a338c3722 gtfy-26\"><a class=\"gutenify-icon-wrapper\"><i class=\"fas fa-globe\"><\/i><\/a><\/div>\n\n\n\n<h3 class=\"wp-block-heading has-text-align-left gutenify-admin-info-box-block-title has-white-color has-text-color gutenify-section-f58487d0-f39a-11ed-88df-9de6e509e821 gtfy-27\">WhatsApp<\/h3>\n\n\n\n<h4 class=\"wp-block-heading has-text-align-left gutenify-admin-info-box-block-subtitle gutenify-section-f5857230-f39a-11ed-88df-9de6e509e821 gtfy-28\">06068940144<\/h4>\n\n\n\n<p class=\"has-text-align-left gutenify-admin-info-box-block-content gutenify-section-f5860e70-f39a-11ed-88df-9de6e509e821 gtfy-29\"><\/p>\n\n\n\n<div class=\"wp-block-gutenify-buttons is-content-justification-left wp-block-buttons gutenify-buttons-version-2 gutenify-section-f6a5d650-f39a-11ed-88df-9de6e509e821 gtfy-31\"><\/div>\n<\/div>\n<\/div><\/div>\n<\/div>\n\n\n\n<div class=\"wp-block-column is-vertically-aligned-center animated fadeInUp dark-field has-primary-background-color has-background gutenify-section-8aa362b0-f39a-11ed-88df-9de6e509e821 is-layout-flow wp-block-column-is-layout-flow gtfy-37\" style=\"padding-top:80px;padding-right:80px;padding-bottom:80px;padding-left:80px\">\n<div class=\"wp-block-group alignwide has-no-hover-shadow-dark animated animated-fadeInUp gutenify-section-8aa25140-f39a-11ed-88df-9de6e509e821 is-layout-constrained wp-container-core-group-is-layout-da976f36 wp-block-group-is-layout-constrained gtfy-35\" style=\"padding-top:0px;padding-right:0px;padding-bottom:0px;padding-left:0px\"><\/div>\n\n\n<style class=\"gtfy-36\" id=\"wpforms-css-vars-195-block-a0a9adb8-3c31-49a4-8e3b-72164feb579f\">\n\t\t\t\t#wpforms-195.wpforms-block-a0a9adb8-3c31-49a4-8e3b-72164feb579f {\n\t\t\t\t--wpforms-field-text-color: #000;\n--wpforms-label-color: #fff;\n--wpforms-label-sublabel-color: #fff;\n--wpforms-label-error-color: #fff;\n\n\t\t\t}\n\t\t\t<\/style><div class=\"wpforms-container wpforms-container-full wpforms-block wpforms-block-a0a9adb8-3c31-49a4-8e3b-72164feb579f wpforms-render-modern\" id=\"wpforms-195\"><form id=\"wpforms-form-195\" class=\"wpforms-validate wpforms-form wpforms-ajax-form\" data-formid=\"195\" method=\"post\" enctype=\"multipart\/form-data\" action=\"\/index.php?rest_route=%2Fwp%2Fv2%2Fpages%2F12\" data-token=\"edf61dc32b3af8cb5f2979893e05f3e2\" data-token-time=\"1778747168\"><noscript class=\"wpforms-error-noscript\">Bitte aktiviere JavaScript in deinem Browser, um dieses Formular fertigzustellen.<\/noscript><div class=\"wpforms-hidden\" id=\"wpforms-error-noscript\">Bitte aktiviere JavaScript in deinem Browser, um dieses Formular fertigzustellen.<\/div><div class=\"wpforms-field-container\"><div id=\"wpforms-195-field_0-container\" class=\"wpforms-field wpforms-field-name\" data-field-id=\"0\"><label class=\"wpforms-field-label\" for=\"wpforms-195-field_0\">Name <span class=\"wpforms-required-label\" aria-hidden=\"true\">*<\/span><\/label><input type=\"text\" id=\"wpforms-195-field_0\" class=\"wpforms-field-large wpforms-field-required\" name=\"wpforms[fields][0]\" aria-errormessage=\"wpforms-195-field_0-error\" required><\/div><div id=\"wpforms-195-field_5-container\" class=\"wpforms-field wpforms-field-text\" data-field-id=\"5\"><label class=\"wpforms-field-label\" for=\"wpforms-195-field_5\">Telefonnummer <span class=\"wpforms-required-label\" aria-hidden=\"true\">*<\/span><\/label><input type=\"text\" id=\"wpforms-195-field_5\" class=\"wpforms-field-large wpforms-field-required\" name=\"wpforms[fields][5]\" aria-errormessage=\"wpforms-195-field_5-error\" required><\/div><div id=\"wpforms-195-field_1-container\" class=\"wpforms-field wpforms-field-email\" data-field-id=\"1\"><label class=\"wpforms-field-label\" for=\"wpforms-195-field_1\">E-Mail-Adresse<\/label><input type=\"email\" id=\"wpforms-195-field_1\" class=\"wpforms-field-large\" name=\"wpforms[fields][1]\" spellcheck=\"false\" aria-errormessage=\"wpforms-195-field_1-error\" ><\/div><div id=\"wpforms-195-field_6-container\" class=\"wpforms-field wpforms-field-text\" data-field-id=\"6\"><label class=\"wpforms-field-label\" for=\"wpforms-195-field_6\">Anliegen <span class=\"wpforms-required-label\" aria-hidden=\"true\">*<\/span><\/label><input type=\"text\" id=\"wpforms-195-field_6\" class=\"wpforms-field-large wpforms-field-required\" name=\"wpforms[fields][6]\" aria-errormessage=\"wpforms-195-field_6-error\" required><\/div><\/div><!-- .wpforms-field-container --><div class=\"wpforms-submit-container\" ><input type=\"hidden\" name=\"wpforms[id]\" value=\"195\"><input type=\"hidden\" name=\"page_title\" value=\"\"><input type=\"hidden\" name=\"page_url\" value=\"https:\/\/revita-odenwald.de\/index.php?rest_route=\/wp\/v2\/pages\/12\"><input type=\"hidden\" name=\"url_referer\" value=\"\"><button type=\"submit\" name=\"wpforms[submit]\" id=\"wpforms-submit-195\" class=\"wpforms-submit\" data-alt-text=\"Wird gesendet\u00a0\u2026\" data-submit-text=\"Anfrage versenden und mit uns in eine ges\u00fcndere Zukunft starten!\" aria-live=\"assertive\" value=\"wpforms-submit\">Anfrage versenden und mit uns in eine ges\u00fcndere Zukunft starten!<\/button><img loading=\"lazy\" decoding=\"async\" src=\"https:\/\/revita-odenwald.de\/wp-content\/plugins\/wpforms\/assets\/images\/submit-spin.svg\" class=\"wpforms-submit-spinner\" style=\"display: none;\" width=\"26\" height=\"26\" alt=\"Wird geladen\"><\/div><\/form><\/div>  <!-- .wpforms-container --><\/div>\n<\/div>\n<\/div><\/div>\n<\/div>\n\n\n\n<div class=\"wp-block-group alignfull has-background gutenify-section-8aa3fef0-f39a-11ed-88df-9de6e509e821 is-layout-constrained wp-container-core-group-is-layout-5ee9e528 wp-block-group-is-layout-constrained gtfy-43\" style=\"background-color:#111111;padding-top:0px;padding-right:20px;padding-bottom:30px;padding-left:20px\">\n<div class=\"wp-block-gutenify-container alignwide gutenify-block-container-wrapper gutenify-container-version-2  animated animated-fadeInUp gutenify-section-897b0311-9243-4100-9cd5-26a9c2bad5e5 gtfy-42\"><div class=\"gutenify-container\">\n<div class=\"wp-block-gutenify-map gutenify-block-map-wrapper gutenify-map-version-2 gutenify-section-44f05c5c-71c1-4cb9-b639-09490134e318 gtfy-41\"><iframe title=\"Google Map\" frameborder=\"0\" src=\"https:\/\/www.google.com\/maps?q=Deutschland, seeweg 1, 64760 Oberzent&amp;output=embed&amp;hl=en&amp;z=12\" style=\"width:100%;min-height:400px\"><\/iframe><\/div>\n<\/div><\/div>\n<\/div>\n\n\n\n<div class=\"wp-block-group alignfull has-background gutenify-section-8aa55e80-f39a-11ed-88df-9de6e509e821 is-layout-constrained wp-block-group-is-layout-constrained gtfy-44\" style=\"background-color:#111111\"><\/div>\n<\/div>\n","protected":false},"excerpt":{"rendered":"","protected":false},"author":1,"featured_media":0,"parent":0,"menu_order":0,"comment_status":"closed","ping_status":"closed","template":"","meta":{"gutenify_custom_css":"","gutenify_custom_css_data":"","footnotes":""},"class_list":["post-12","page","type-page","status-publish","hentry"],"yoast_head":"<!-- This site is optimized with the Yoast SEO plugin v25.0 - https:\/\/yoast.com\/wordpress\/plugins\/seo\/ -->\n<title>Kontakt -<\/title>\n<meta name=\"robots\" content=\"index, follow, max-snippet:-1, max-image-preview:large, max-video-preview:-1\" \/>\n<link rel=\"canonical\" href=\"https:\/\/revita-odenwald.de\/?page_id=12\" \/>\n<meta property=\"og:locale\" content=\"de_DE\" \/>\n<meta property=\"og:type\" content=\"article\" \/>\n<meta property=\"og:title\" content=\"Kontakt -\" \/>\n<meta property=\"og:url\" content=\"https:\/\/revita-odenwald.de\/?page_id=12\" \/>\n<meta property=\"article:modified_time\" content=\"2024-11-13T12:18:24+00:00\" \/>\n<meta property=\"og:image\" content=\"https:\/\/demo-gutenify-com.s3.amazonaws.com\/wp-content\/uploads\/sites\/37\/2022\/05\/30055431\/home-corporate-parallex-bg.jpeg\" \/>\n<meta name=\"twitter:card\" content=\"summary_large_image\" \/>\n<meta name=\"twitter:label1\" content=\"Gesch\u00e4tzte Lesezeit\" \/>\n\t<meta name=\"twitter:data1\" content=\"1\u00a0Minute\" \/>\n<script type=\"application\/ld+json\" class=\"yoast-schema-graph\">{\"@context\":\"https:\/\/schema.org\",\"@graph\":[{\"@type\":\"WebPage\",\"@id\":\"https:\/\/revita-odenwald.de\/?page_id=12\",\"url\":\"https:\/\/revita-odenwald.de\/?page_id=12\",\"name\":\"Kontakt -\",\"isPartOf\":{\"@id\":\"https:\/\/revita-odenwald.de\/#website\"},\"primaryImageOfPage\":{\"@id\":\"https:\/\/revita-odenwald.de\/?page_id=12#primaryimage\"},\"image\":{\"@id\":\"https:\/\/revita-odenwald.de\/?page_id=12#primaryimage\"},\"thumbnailUrl\":\"https:\/\/demo-gutenify-com.s3.amazonaws.com\/wp-content\/uploads\/sites\/37\/2022\/05\/30055431\/home-corporate-parallex-bg.jpeg\",\"datePublished\":\"2023-12-15T11:19:03+00:00\",\"dateModified\":\"2024-11-13T12:18:24+00:00\",\"breadcrumb\":{\"@id\":\"https:\/\/revita-odenwald.de\/?page_id=12#breadcrumb\"},\"inLanguage\":\"de\",\"potentialAction\":[{\"@type\":\"ReadAction\",\"target\":[\"https:\/\/revita-odenwald.de\/?page_id=12\"]}]},{\"@type\":\"ImageObject\",\"inLanguage\":\"de\",\"@id\":\"https:\/\/revita-odenwald.de\/?page_id=12#primaryimage\",\"url\":\"https:\/\/demo-gutenify-com.s3.amazonaws.com\/wp-content\/uploads\/sites\/37\/2022\/05\/30055431\/home-corporate-parallex-bg.jpeg\",\"contentUrl\":\"https:\/\/demo-gutenify-com.s3.amazonaws.com\/wp-content\/uploads\/sites\/37\/2022\/05\/30055431\/home-corporate-parallex-bg.jpeg\"},{\"@type\":\"BreadcrumbList\",\"@id\":\"https:\/\/revita-odenwald.de\/?page_id=12#breadcrumb\",\"itemListElement\":[{\"@type\":\"ListItem\",\"position\":1,\"name\":\"Startseite\",\"item\":\"https:\/\/revita-odenwald.de\/\"},{\"@type\":\"ListItem\",\"position\":2,\"name\":\"Kontakt\"}]},{\"@type\":\"WebSite\",\"@id\":\"https:\/\/revita-odenwald.de\/#website\",\"url\":\"https:\/\/revita-odenwald.de\/\",\"name\":\"\",\"description\":\"\",\"potentialAction\":[{\"@type\":\"SearchAction\",\"target\":{\"@type\":\"EntryPoint\",\"urlTemplate\":\"https:\/\/revita-odenwald.de\/?s={search_term_string}\"},\"query-input\":{\"@type\":\"PropertyValueSpecification\",\"valueRequired\":true,\"valueName\":\"search_term_string\"}}],\"inLanguage\":\"de\"}]}<\/script>\n<!-- \/ Yoast SEO plugin. -->","yoast_head_json":{"title":"Kontakt -","robots":{"index":"index","follow":"follow","max-snippet":"max-snippet:-1","max-image-preview":"max-image-preview:large","max-video-preview":"max-video-preview:-1"},"canonical":"https:\/\/revita-odenwald.de\/?page_id=12","og_locale":"de_DE","og_type":"article","og_title":"Kontakt -","og_url":"https:\/\/revita-odenwald.de\/?page_id=12","article_modified_time":"2024-11-13T12:18:24+00:00","og_image":[{"url":"https:\/\/demo-gutenify-com.s3.amazonaws.com\/wp-content\/uploads\/sites\/37\/2022\/05\/30055431\/home-corporate-parallex-bg.jpeg","type":"","width":"","height":""}],"twitter_card":"summary_large_image","twitter_misc":{"Gesch\u00e4tzte Lesezeit":"1\u00a0Minute"},"schema":{"@context":"https:\/\/schema.org","@graph":[{"@type":"WebPage","@id":"https:\/\/revita-odenwald.de\/?page_id=12","url":"https:\/\/revita-odenwald.de\/?page_id=12","name":"Kontakt -","isPartOf":{"@id":"https:\/\/revita-odenwald.de\/#website"},"primaryImageOfPage":{"@id":"https:\/\/revita-odenwald.de\/?page_id=12#primaryimage"},"image":{"@id":"https:\/\/revita-odenwald.de\/?page_id=12#primaryimage"},"thumbnailUrl":"https:\/\/demo-gutenify-com.s3.amazonaws.com\/wp-content\/uploads\/sites\/37\/2022\/05\/30055431\/home-corporate-parallex-bg.jpeg","datePublished":"2023-12-15T11:19:03+00:00","dateModified":"2024-11-13T12:18:24+00:00","breadcrumb":{"@id":"https:\/\/revita-odenwald.de\/?page_id=12#breadcrumb"},"inLanguage":"de","potentialAction":[{"@type":"ReadAction","target":["https:\/\/revita-odenwald.de\/?page_id=12"]}]},{"@type":"ImageObject","inLanguage":"de","@id":"https:\/\/revita-odenwald.de\/?page_id=12#primaryimage","url":"https:\/\/demo-gutenify-com.s3.amazonaws.com\/wp-content\/uploads\/sites\/37\/2022\/05\/30055431\/home-corporate-parallex-bg.jpeg","contentUrl":"https:\/\/demo-gutenify-com.s3.amazonaws.com\/wp-content\/uploads\/sites\/37\/2022\/05\/30055431\/home-corporate-parallex-bg.jpeg"},{"@type":"BreadcrumbList","@id":"https:\/\/revita-odenwald.de\/?page_id=12#breadcrumb","itemListElement":[{"@type":"ListItem","position":1,"name":"Startseite","item":"https:\/\/revita-odenwald.de\/"},{"@type":"ListItem","position":2,"name":"Kontakt"}]},{"@type":"WebSite","@id":"https:\/\/revita-odenwald.de\/#website","url":"https:\/\/revita-odenwald.de\/","name":"","description":"","potentialAction":[{"@type":"SearchAction","target":{"@type":"EntryPoint","urlTemplate":"https:\/\/revita-odenwald.de\/?s={search_term_string}"},"query-input":{"@type":"PropertyValueSpecification","valueRequired":true,"valueName":"search_term_string"}}],"inLanguage":"de"}]}},"_links":{"self":[{"href":"https:\/\/revita-odenwald.de\/index.php?rest_route=\/wp\/v2\/pages\/12","targetHints":{"allow":["GET"]}}],"collection":[{"href":"https:\/\/revita-odenwald.de\/index.php?rest_route=\/wp\/v2\/pages"}],"about":[{"href":"https:\/\/revita-odenwald.de\/index.php?rest_route=\/wp\/v2\/types\/page"}],"author":[{"embeddable":true,"href":"https:\/\/revita-odenwald.de\/index.php?rest_route=\/wp\/v2\/users\/1"}],"replies":[{"embeddable":true,"href":"https:\/\/revita-odenwald.de\/index.php?rest_route=%2Fwp%2Fv2%2Fcomments&post=12"}],"version-history":[{"count":16,"href":"https:\/\/revita-odenwald.de\/index.php?rest_route=\/wp\/v2\/pages\/12\/revisions"}],"predecessor-version":[{"id":451,"href":"https:\/\/revita-odenwald.de\/index.php?rest_route=\/wp\/v2\/pages\/12\/revisions\/451"}],"wp:attachment":[{"href":"https:\/\/revita-odenwald.de\/index.php?rest_route=%2Fwp%2Fv2%2Fmedia&parent=12"}],"curies":[{"name":"wp","href":"https:\/\/api.w.org\/{rel}","templated":true}]}}